{"id":73,"date":"2024-09-10T14:13:29","date_gmt":"2024-09-10T12:13:29","guid":{"rendered":"https:\/\/atelier-horlogerie-lecavorzin.fr\/?page_id=73"},"modified":"2025-05-01T14:33:07","modified_gmt":"2025-05-01T12:33:07","slug":"cvg","status":"publish","type":"page","link":"https:\/\/atelier-horlogerie-lecavorzin.fr\/index.php\/cvg\/","title":{"rendered":"CGV"},"content":{"rendered":"\n<div class=\"wp-block-buttons is-content-justification-center is-layout-flex wp-container-core-buttons-is-layout-a89b3969 wp-block-buttons-is-layout-flex\">\n<div class=\"wp-block-button\"><a class=\"wp-block-button__link has-cardo-font-family wp-element-button\" href=\"https:\/\/atelier-horlogerie-lecavorzin.fr\">Accueil<\/a><\/div>\n\n\n\n<div class=\"wp-block-button\"><a class=\"wp-block-button__link has-cardo-font-family wp-element-button\" href=\"https:\/\/atelier-horlogerie-lecavorzin.fr\/index.php\/tarif-des-revisions\/\">Tarifs<\/a><\/div>\n\n\n\n<div class=\"wp-block-button\"><a class=\"wp-block-button__link has-cardo-font-family wp-element-button\" href=\"https:\/\/atelier-horlogerie-lecavorzin.fr\/index.php\/montres-revisees-a-vendre\/\">Montres et horloges<\/a><\/div>\n\n\n\n<div class=\"wp-block-button\"><a class=\"wp-block-button__link has-cardo-font-family wp-element-button\" href=\"https:\/\/atelier-horlogerie-lecavorzin.fr\/index.php\/bracelets-de-montres\/\">Bracelets et accessoires<\/a><\/div>\n\n\n\n<div class=\"wp-block-button\"><a class=\"wp-block-button__link has-cardo-font-family wp-element-button\" href=\"https:\/\/atelier-horlogerie-lecavorzin.fr\/index.php\/cvg\/\">CGV<\/a><\/div>\n<\/div>\n\n\n\n<hr class=\"wp-block-separator has-alpha-channel-opacity\"\/>\n\n\n\n<h2 class=\"wp-block-heading has-cardo-font-family\">Informations sur l&#8217;entreprise<\/h2>\n\n\n\n<hr class=\"wp-block-separator has-alpha-channel-opacity\"\/>\n\n\n\n<p class=\"has-text-align-center has-cardo-font-family\"><strong>Horloger Dipl\u00f4m\u00e9 d&#8217;\u00e9tat de niveau IV<\/strong><\/p>\n\n\n\n<hr class=\"wp-block-separator has-alpha-channel-opacity\"\/>\n\n\n\n<p><\/p>\n\n\n\n<ul class=\"wp-block-list\">\n<li class=\"has-cardo-font-family\">Raison sociale : Atelier d\u2019Horlogerie Le Cavorzin<\/li>\n<\/ul>\n\n\n\n<ul class=\"wp-block-list\">\n<li class=\"has-cardo-font-family\">R.C.S : 882 393 424 (R.C.S de Compi\u00e8gne)<\/li>\n<\/ul>\n\n\n\n<ul class=\"wp-block-list\">\n<li class=\"has-cardo-font-family\">SIRET : 882 393 424 00032<\/li>\n<\/ul>\n\n\n\n<ul class=\"wp-block-list\">\n<li class=\"has-cardo-font-family\">Contact : contact@atelier-horlogerie-lecavorzin.fr<\/li>\n<\/ul>\n\n\n\n<ul class=\"wp-block-list\">\n<li class=\"has-cardo-font-family\">H\u00e9bergeur : OVH<\/li>\n<\/ul>\n\n\n\n<hr class=\"wp-block-separator has-alpha-channel-opacity\"\/>\n\n\n\n<p class=\"has-text-align-center has-cardo-font-family\">Atelier lab\u00e9lis\u00e9 R\u00e9par&#8217;Acteurs<\/p>\n\n\n\n<figure class=\"wp-block-image aligncenter size-large is-resized\"><img loading=\"lazy\" decoding=\"async\" width=\"1024\" height=\"569\" src=\"http:\/\/atelier-horlogerie-lecavorzin.fr\/wp-content\/uploads\/2024\/10\/Repar-acteurs_logo_vertical_baseline_bleu-blanc-1024x569.png\" alt=\"\" class=\"wp-image-99\" style=\"width:339px\" srcset=\"https:\/\/atelier-horlogerie-lecavorzin.fr\/wp-content\/uploads\/2024\/10\/Repar-acteurs_logo_vertical_baseline_bleu-blanc-1024x569.png 1024w, https:\/\/atelier-horlogerie-lecavorzin.fr\/wp-content\/uploads\/2024\/10\/Repar-acteurs_logo_vertical_baseline_bleu-blanc-300x167.png 300w, https:\/\/atelier-horlogerie-lecavorzin.fr\/wp-content\/uploads\/2024\/10\/Repar-acteurs_logo_vertical_baseline_bleu-blanc-768x427.png 768w, https:\/\/atelier-horlogerie-lecavorzin.fr\/wp-content\/uploads\/2024\/10\/Repar-acteurs_logo_vertical_baseline_bleu-blanc-1536x854.png 1536w, https:\/\/atelier-horlogerie-lecavorzin.fr\/wp-content\/uploads\/2024\/10\/Repar-acteurs_logo_vertical_baseline_bleu-blanc-2048x1138.png 2048w, https:\/\/atelier-horlogerie-lecavorzin.fr\/wp-content\/uploads\/2024\/10\/Repar-acteurs_logo_vertical_baseline_bleu-blanc-600x333.png 600w\" sizes=\"auto, (max-width: 1024px) 100vw, 1024px\" \/><\/figure>\n","protected":false},"excerpt":{"rendered":"<p>Informations sur l&#8217;entreprise Horloger Dipl\u00f4m\u00e9 d&#8217;\u00e9tat de niveau IV Atelier lab\u00e9lis\u00e9 R\u00e9par&#8217;Acteurs<\/p>\n","protected":false},"author":1,"featured_media":0,"parent":0,"menu_order":0,"comment_status":"closed","ping_status":"closed","template":"","meta":{"footnotes":""},"class_list":["post-73","page","type-page","status-publish","hentry"],"jetpack_sharing_enabled":true,"_links":{"self":[{"href":"https:\/\/atelier-horlogerie-lecavorzin.fr\/index.php\/wp-json\/wp\/v2\/pages\/73","targetHints":{"allow":["GET"]}}],"collection":[{"href":"https:\/\/atelier-horlogerie-lecavorzin.fr\/index.php\/wp-json\/wp\/v2\/pages"}],"about":[{"href":"https:\/\/atelier-horlogerie-lecavorzin.fr\/index.php\/wp-json\/wp\/v2\/types\/page"}],"author":[{"embeddable":true,"href":"https:\/\/atelier-horlogerie-lecavorzin.fr\/index.php\/wp-json\/wp\/v2\/users\/1"}],"replies":[{"embeddable":true,"href":"https:\/\/atelier-horlogerie-lecavorzin.fr\/index.php\/wp-json\/wp\/v2\/comments?post=73"}],"version-history":[{"count":16,"href":"https:\/\/atelier-horlogerie-lecavorzin.fr\/index.php\/wp-json\/wp\/v2\/pages\/73\/revisions"}],"predecessor-version":[{"id":335,"href":"https:\/\/atelier-horlogerie-lecavorzin.fr\/index.php\/wp-json\/wp\/v2\/pages\/73\/revisions\/335"}],"wp:attachment":[{"href":"https:\/\/atelier-horlogerie-lecavorzin.fr\/index.php\/wp-json\/wp\/v2\/media?parent=73"}],"curies":[{"name":"wp","href":"https:\/\/api.w.org\/{rel}","templated":true}]}}